nds digit of 66651?
6
What is the units digit of 632?
2
What is the units digit of 2899?
9
What is the hundreds digit of 9872?
8
What is the tens digit of 902?
0
What is the thousands digit of 45752?
5
What is the units digit of 276?
6
What is the thousands digit of 35224?
5
What is the units digit of 1103?
3
What is the tens digit of 5391?
9
What is the units digit of 1349?
9
What is the hundreds digit of 45144?
1
What is the tens digit of 4540?
4
What is the hundreds digit of 129?
1
What is the hundreds digit of 15302?
3
What is the units digit of 973?
3
What is the tens digit of 81577?
7
What is the hundreds digit of 685?
6
What is the hundreds digit of 11273?
2
What is the hundreds digit of 5693?
6
What is the thousands digit of 12311?
2
What is the units digit of 71815?
5
What is the units digit of 5796?
6
What is the tens digit of 11894?
9
What is the tens digit of 2528?
2
What is the hundreds digit of 27802?
8
What is the units digit of 1219?
9
What is the tens digit of 926?
2
What is the hundreds digit of 2607?
6
What is the units digit of 617?
7
What is the units digit of 87792?
2
What is the hundreds digit of 495?
4
What is the units digit of 817?
7
What is the hundreds digit of 428?
4
What is the tens digit of 9801?
0
What is the units digit of 48211?
1
What is the tens digit of 46656?
5
What is the hundreds digit of 7669?
6
What is the thousands digit of 4272?
4
What is the hundreds digit of 3955?
9
What is the thousands digit of 7784?
7
What is the hundreds digit of 1045?
0
What is the tens digit of 827?
2
What is the hundreds digit of 4633?
6
What is the units digit of 26940?
0
What is the thousands digit of 6792?
6
What is the units digit of 2308?
8
What is the tens digit of 16013?
1
What is the hundreds digit of 171?
1
What is the ten thousands digit of 19886?
1
What is the units digit of 1993?
3
What is the thousands digit of 189746?
9
What is the tens digit of 16747?
4
What is the hundreds digit of 135985?
9
What is the thousands digit of 116713?
6
What is the ten thousands digit of 14455?
1
What is the units digit of 636?
6
What is the hundreds digit of 5877?
8
What is the units digit of 147928?
8
What is the units digit of 6770?
0
What is the ten thousands digit of 12777?
1
What is the thousands digit of 56167?
6
What is the ten thousands digit of 74383?
7
What is the hundreds digit of 521?
5
What is the tens digit of 185?
8
What is the units digit of 2616?
6
What is the units digit of 710?
0
What is the tens digit of 1901?
0
What is the hundreds digit of 4056?
0
What is the hundreds digit of 6966?
9
What is the tens digit of 754?
5
What is the thousands digit of 7224?
7
What is the hundreds digit of 4263?
2
What is the units digit of 11895?
5
What is the thousands digit of 2529?
2
What is the thousands digit of 10068?
0
What is the units digit of 7?
7
What is the hundreds digit of 10332?
3
What is the ten thousands digit of 23651?
2
What is the units digit of 1008?
8
What is the units digit of 5225?
5
What is the thousands digit of 5815?
5
What is the units digit of 1072?
2
What is the hundreds digit of 2181?
1
What is the thousands digit of 1885?
1
What is the thousands digit of 55354?
5
What is the thousands digit of 5060?
5
What is the thousands digit of 1827?
1
What is the ten thousands digit of 75389?
7
What is the tens digit of 90?
9
What is the ten thousands digit of 14333?
1
What is the hundreds digit of 799?
7
What is the units digit of 26218?
8
What is the units digit of 887?
7
What is the ten thousands digit of 14548?
1
What is the hundreds digit of 139?
1
What is the thousands digit of 13614?
3
What is the thousands digit of 109931?
9
What is the units digit of 538?
8
What is the hundreds digit of 2117?
1
What is the tens digit of 503?
0
What is the tens digit of 3999?
9
What is the hundreds digit of 15673?
6
What is the tens digit of 9661?
6
What is the tens digit of 34999?
9
What is the hundreds digit of 82211?
2
What is the tens digit of 3382?
8
What is the tens digit of 438?
3
What is the units digit of 2242?
2
What is the hundreds digit of 1664?
6
What is the hundreds digit of 8341?
3
What is the ten thousands digit of 27056?
2
What is the units digit of 7555?
5
What is the tens digit of 2674?
7
What is the units digit of 6598?
8
What is the units digit of 1214?
4
What is the ten thousands digit of 23200?
2
What is the units digit of 10303?
3
What is the hundreds digit of 479?
4
What is the tens digit of 149601?
0
What is the units digit of 24370?
0
What is the units digit of 2102?
2
What is the hundreds digit of 763?
7
What is the tens digit of 1396?
9
What is the tens digit of 177?
7
What is the tens digit of 2193?
9
What is the tens digit of 4841?
4
What is the units digit of 823?
3
What is the thousands digit of 16295?
6
What is the ten thousands digit of 114981?
1
What is the ten thousands digit of 102675?
0
What is the units digit of 22705?
5
What is the thousands digit of 11905?
1
What is the tens digit of 1936?
3
What is the thousands digit of 26754?
6
What is the units digit of 215?
5
What is the units digit of 521?
1
What is the ten thousands digit of 39725?
3
What is the units digit of 3897?
7
What is the hundreds digit of 29607?
6
What is the tens digit of 6632?
3
What is the tens digit of 7575?
7
What is the hundreds digit of 9472?
4
What is the units digit of 7404?
4
What is the hundreds digit of 5669?
6
What is the units digit of 2181?
1
What is the hundreds digit of 352?
3
What is the units digit of 4584?
4
What is the tens digit of 620?
2
What is the hundreds digit of 179444?
4
What is the tens digit of 22459?
5
What is the tens digit of 502?
0
What is the hundreds digit of 3066?
0
What is the thousands digit of 33835?
3
What is the tens digit of 976?
7
What is the units digit of 32?
2
What is the tens digit of 12737?
3
What is the thousands digit of 88794?
8
What is the hundreds digit of 1883?
8
What is the thousands digit of 31034?
1
What is the tens digit of 1813?
1
What is the hundreds digit of 2381?
3
What is the ten thousands digit of 70183?
7
What is the ten thousands digit of 97839?
9
What is the hundreds digit of 25956?
9
What is the tens digit of 586?
8
What is the tens digit of 872?
7
What is the ten thousands digit of 18713?
1
What is the thousands digit of 10541?
0
What is the hundreds digit of 100365?
3
What is the tens digit of 8345?
4
What is the thousands digit of 1412?
1
What is the hundreds digit of 1312?
3
What is the hundreds digit of 10104?
1
What is the tens digit of 16020?
2
What is the tens digit of 54142?
4
What is the tens digit of 43333?
3
What is the units digit of 105432?
2
What is the units digit of 769?
9
What is the tens digit of 683?
8
What is the ten thousands digit of 17200?
1
What is the tens digit of 19890?
9
What is the hundreds digit of 6055?
0
What is the thousands digit of 31891?
1
What is the hundreds digit of 8164?
1
What is the units digit of 9232?
2
What is the units digit of 1021?
1
What is the hundreds digit of 667?
6
What is the thousands digit of 11985?
1
What is the hundreds digit of 7459?
4
What is the tens digit of 146?
4
What is the units digit of 1286?
6
What is the units digit of 4895?
5
What is the thousands digit of 7446?
7
What is the hundreds digit of 463?
4
What is the tens digit of 9420?
2
What is the thousands digit of 185206?
5
What is the thousands digit of 44145?
4
What is the ten thousands digit of 15442?
1
What is the hundreds digit of 24252?
2
What is the hundreds digit of 1337?
3
What is the units digit of 1354?
4
What is the hundreds digit of 2450?
4
What is the units digit of 3188?
8
What is the hundreds digit of 816?
8
What is the thousands digit of 7151?
7
What is the thousands digit of 3683?
3
What is the units digit of 146?
6
What is the ten thousands digit of 34283?
3
What is the thousands digit of 1281?
1
What is the units digit of 463?
3
What is the thousands digit of 4847?
4
What is the tens digit of 2605?
0
What is the thousands digit of 41217?
1
What is the tens digit of 500?
0
What is the units digit of 104914?
4
What is the units digit of 955?
5
What is the units digit of 8451?
1
What is the tens digit of 55007?
0
What is the thousands digit of 1638?
1
What is the units digit of 196?
6
What is the thou